{"id":2640,"date":"2025-10-08T12:16:39","date_gmt":"2025-10-08T12:16:39","guid":{"rendered":"https:\/\/instrutec.com.ar\/web\/?post_type=product&#038;p=2640"},"modified":"2025-10-08T12:23:06","modified_gmt":"2025-10-08T12:23:06","slug":"monitor-de-caudal-2","status":"publish","type":"product","link":"https:\/\/instrutec.com.ar\/web\/product\/monitor-de-caudal-2\/","title":{"rendered":"Monitor de caudal"},"content":{"rendered":"","protected":false},"excerpt":{"rendered":"<h4>MARCA: BLANCETT \u2013 BADGER METER<\/h4>\n<h4>MODELO: B3000<\/h4>\n<p>El monitor de flujo de la Serie B3000 es una plataforma flexible, duradera y f\u00e1cil de usar para sus aplicaciones de medici\u00f3n de caudal. Nuestra tecnolog\u00eda confiable de medici\u00f3n de caudal ahora ofrece un nuevo monitor de flujo con m\u00e1s opciones y caracter\u00edsticas que nunca antes con la Serie B3000.<\/p>\n<div class=\"spec-table__table-item-key\">\n<div class=\"spec-table__table-item-key\"><\/div>\n<\/div>\n<div>\n<div class=\"spec-table__table-item-key\">\n<ul class=\"spec-table__table\">\n<li class=\"spec-table__table-item\">\n<div class=\"spec-table__table-item-key\">\n<div>Alimentaci\u00f3n: <span style=\"font-size: 15.008px\">Bater\u00eda de litio D de 3,6 V DC <\/span><span style=\"font-size: 15.008px\">(6 a\u00f1os de vida \u00fatil))<\/span><\/div>\n<\/div>\n<\/li>\n<li class=\"spec-table__table-item\">\n<div class=\"spec-table__table-item-key\">\n<div>Rango de frecuencia: de entrada <span style=\"font-size: 15.008px\">1 &#8211; 3500 Hz<\/span><\/div>\n<\/div>\n<\/li>\n<li class=\"spec-table__table-item\">\n<div class=\"spec-table__table-item-key\">\n<div>Precisi\u00f3n de frecuencia de entrada: <span style=\"font-size: 15.008px\">\u00b10,1%<\/span><\/div>\n<\/div>\n<\/li>\n<\/ul>\n<\/div>\n<\/div>\n<h4><a href=\"https:\/\/instrutec.com.ar\/web\/wp-content\/uploads\/2025\/10\/DSY-DS-03025-ES-SPANISH-B3000-Data-Sheet.pdf\">Ver cat\u00e1logo<\/a><\/h4>\n","protected":false},"featured_media":2638,"template":"","meta":[],"product_cat":[245,385,387,390],"product_tag":[],"class_list":{"0":"post-2640","1":"product","2":"type-product","3":"status-publish","4":"has-post-thumbnail","6":"product_cat-caudal","7":"product_cat-caudalimetros-mecanicos","8":"product_cat-tipo-turbina","9":"product_cat-transmisores","10":"marca-badger-meter","11":"marca-blancett","13":"first","14":"instock","15":"shipping-taxable","16":"product-type-simple"},"_links":{"self":[{"href":"https:\/\/instrutec.com.ar\/web\/wp-json\/wp\/v2\/product\/2640","targetHints":{"allow":["GET"]}}],"collection":[{"href":"https:\/\/instrutec.com.ar\/web\/wp-json\/wp\/v2\/product"}],"about":[{"href":"https:\/\/instrutec.com.ar\/web\/wp-json\/wp\/v2\/types\/product"}],"wp:featuredmedia":[{"embeddable":true,"href":"https:\/\/instrutec.com.ar\/web\/wp-json\/wp\/v2\/media\/2638"}],"wp:attachment":[{"href":"https:\/\/instrutec.com.ar\/web\/wp-json\/wp\/v2\/media?parent=2640"}],"wp:term":[{"taxonomy":"product_cat","embeddable":true,"href":"https:\/\/instrutec.com.ar\/web\/wp-json\/wp\/v2\/product_cat?post=2640"},{"taxonomy":"product_tag","embeddable":true,"href":"https:\/\/instrutec.com.ar\/web\/wp-json\/wp\/v2\/product_tag?post=2640"}],"curies":[{"name":"wp","href":"https:\/\/api.w.org\/{rel}","templated":true}]}}