{"id":2619,"date":"2025-10-07T14:27:28","date_gmt":"2025-10-07T14:27:28","guid":{"rendered":"https:\/\/instrutec.com.ar\/web\/?post_type=product&#038;p=2619"},"modified":"2025-10-07T14:35:54","modified_gmt":"2025-10-07T14:35:54","slug":"caudalimetro-tipo-turbina","status":"publish","type":"product","link":"https:\/\/instrutec.com.ar\/web\/product\/caudalimetro-tipo-turbina\/","title":{"rendered":"CAUDAL\u00cdMETRO TIPO TURBINA"},"content":{"rendered":"","protected":false},"excerpt":{"rendered":"<p><strong>MARCA: VISION \u2013 BADGER METER<\/strong><\/p>\n<p>Los medidores de caudal de la Linea: &#8220;Vision&#8221;, detectan peque\u00f1os flujos y son vers\u00e1tiles. Debido a su dise\u00f1o simple, los cambios en la tasa de flujo pueden ser detectados sin demora. La elecci\u00f3n del material permite la medici\u00f3n de l\u00edquidos de baja viscosidad y no agresivos. Los medidores de flujo de Vision ofrecen una soluci\u00f3n eficiente y contribuyen al uso responsable y cuidadoso de los recursos disponibles.<\/p>\n<ul class=\"spec-table__table\">\n<li class=\"spec-table__table-item\">\n<div class=\"spec-table__table-item-key\">\n<div>Tama\u00f1o: DN5\u2026DN12<\/div>\n<\/div>\n<\/li>\n<li class=\"spec-table__table-item\">\n<div class=\"spec-table__table-item-key\">\n<div>Rango de temperatura: -20\u2026 100\u00b0 C<\/div>\n<\/div>\n<\/li>\n<li class=\"spec-table__table-item\">\n<div class=\"spec-table__table-item-key\">\n<div>Rango de flujo: 0,1\u202665 lpm<\/div>\n<\/div>\n<\/li>\n<li class=\"spec-table__table-item\">\n<div class=\"spec-table__table-item-key\">\n<div>Rango de presi\u00f3n: Hasta 25 bar<\/div>\n<\/div>\n<\/li>\n<\/ul>\n<p><strong>\u00a0<a href=\"https:\/\/instrutec.com.ar\/web\/wp-content\/uploads\/2025\/10\/VRX-DS-02871-ES_SPANISH-Vortex-VN2000-Flow-Meters-Hot-Tap-Insertion-Meter-Product-Data-Sheet.pdf\" target=\"_blank\" rel=\"noopener\">Ver cat\u00e1logo<\/a><\/strong><\/p>\n","protected":false},"featured_media":2618,"template":"","meta":[],"product_cat":[245,385,387],"product_tag":[],"class_list":{"0":"post-2619","1":"product","2":"type-product","3":"status-publish","4":"has-post-thumbnail","6":"product_cat-caudal","7":"product_cat-caudalimetros-mecanicos","8":"product_cat-tipo-turbina","9":"marca-badger-meter","10":"marca-vision","12":"first","13":"instock","14":"shipping-taxable","15":"product-type-simple"},"_links":{"self":[{"href":"https:\/\/instrutec.com.ar\/web\/wp-json\/wp\/v2\/product\/2619","targetHints":{"allow":["GET"]}}],"collection":[{"href":"https:\/\/instrutec.com.ar\/web\/wp-json\/wp\/v2\/product"}],"about":[{"href":"https:\/\/instrutec.com.ar\/web\/wp-json\/wp\/v2\/types\/product"}],"wp:featuredmedia":[{"embeddable":true,"href":"https:\/\/instrutec.com.ar\/web\/wp-json\/wp\/v2\/media\/2618"}],"wp:attachment":[{"href":"https:\/\/instrutec.com.ar\/web\/wp-json\/wp\/v2\/media?parent=2619"}],"wp:term":[{"taxonomy":"product_cat","embeddable":true,"href":"https:\/\/instrutec.com.ar\/web\/wp-json\/wp\/v2\/product_cat?post=2619"},{"taxonomy":"product_tag","embeddable":true,"href":"https:\/\/instrutec.com.ar\/web\/wp-json\/wp\/v2\/product_tag?post=2619"}],"curies":[{"name":"wp","href":"https:\/\/api.w.org\/{rel}","templated":true}]}}