{"id":1856,"date":"2019-08-09T19:12:11","date_gmt":"2019-08-09T19:12:11","guid":{"rendered":"http:\/\/166.62.89.205\/~instrutec\/?post_type=product&#038;p=1856"},"modified":"2025-10-15T14:28:48","modified_gmt":"2025-10-15T14:28:48","slug":"optisonde","status":"publish","type":"product","link":"https:\/\/instrutec.com.ar\/web\/product\/optisonde\/","title":{"rendered":"OPTISONDE"},"content":{"rendered":"","protected":false},"excerpt":{"rendered":"<p><strong>MARCA: PANAMETRICS<\/strong><\/p>\n<p><strong>MODELO: OPTISONDE<\/strong><\/p>\n<p>El higr\u00f3metro OptiSonde de Panametrics analiza con precisi\u00f3n la humedad y la temperatura mediante tecnolog\u00eda de espejo refrigerado. Este analizador de humedad es el sensor ideal para mediciones de laboratorio y de proceso que requieren alta precisi\u00f3n sin desviaciones a largo plazo.<\/p>\n<p><a href=\"http:\/\/instrutec.com.ar\/web\/wp-content\/uploads\/2019\/11\/HIGROMETRO-OPTICO-DE-ESPEJO-ENFRIADO.-OPTISONDE.pdf\" target=\"_blank\" rel=\"noopener\">Ver cat\u00e1logo<\/a><\/p>\n","protected":false},"featured_media":2693,"template":"","meta":[],"product_cat":[262,259],"product_tag":[],"class_list":{"0":"post-1856","1":"product","2":"type-product","3":"status-publish","4":"has-post-thumbnail","6":"product_cat-higrometro-optico-de-espejo-enfriado","7":"product_cat-humedad","8":"marca-panametrics","10":"first","11":"instock","12":"downloadable","13":"shipping-taxable","14":"product-type-simple"},"_links":{"self":[{"href":"https:\/\/instrutec.com.ar\/web\/wp-json\/wp\/v2\/product\/1856","targetHints":{"allow":["GET"]}}],"collection":[{"href":"https:\/\/instrutec.com.ar\/web\/wp-json\/wp\/v2\/product"}],"about":[{"href":"https:\/\/instrutec.com.ar\/web\/wp-json\/wp\/v2\/types\/product"}],"wp:featuredmedia":[{"embeddable":true,"href":"https:\/\/instrutec.com.ar\/web\/wp-json\/wp\/v2\/media\/2693"}],"wp:attachment":[{"href":"https:\/\/instrutec.com.ar\/web\/wp-json\/wp\/v2\/media?parent=1856"}],"wp:term":[{"taxonomy":"product_cat","embeddable":true,"href":"https:\/\/instrutec.com.ar\/web\/wp-json\/wp\/v2\/product_cat?post=1856"},{"taxonomy":"product_tag","embeddable":true,"href":"https:\/\/instrutec.com.ar\/web\/wp-json\/wp\/v2\/product_tag?post=1856"}],"curies":[{"name":"wp","href":"https:\/\/api.w.org\/{rel}","templated":true}]}}