{"id":1791,"date":"2019-08-07T17:54:06","date_gmt":"2019-08-07T17:54:06","guid":{"rendered":"http:\/\/166.62.89.205\/~instrutec\/?post_type=product&#038;p=1791"},"modified":"2019-08-07T17:54:06","modified_gmt":"2019-08-07T17:54:06","slug":"bomba-de-aspiracion","status":"publish","type":"product","link":"https:\/\/instrutec.com.ar\/web\/product\/bomba-de-aspiracion\/","title":{"rendered":"BOMBA DE ASPIRACI\u00d3N"},"content":{"rendered":"","protected":false},"excerpt":{"rendered":"<p><strong>MARCA: KITAGAWA<\/strong><\/p>\n<p><strong>MODELO: AP-20<\/strong><\/p>\n<p>Bomba de aspiraci\u00f3n manual, de contorno ergom\u00e9trico para utilizar con tubos color\u00edmetros, disponible en cuatro colores.<\/p>\n<p>&nbsp;<\/p>\n","protected":false},"featured_media":1763,"template":"","meta":[],"product_cat":[242],"product_tag":[],"class_list":{"0":"post-1791","1":"product","2":"type-product","3":"status-publish","4":"has-post-thumbnail","6":"product_cat-tubos-colorimetros","7":"marca-kitagawa","9":"first","10":"instock","11":"shipping-taxable","12":"product-type-simple"},"_links":{"self":[{"href":"https:\/\/instrutec.com.ar\/web\/wp-json\/wp\/v2\/product\/1791","targetHints":{"allow":["GET"]}}],"collection":[{"href":"https:\/\/instrutec.com.ar\/web\/wp-json\/wp\/v2\/product"}],"about":[{"href":"https:\/\/instrutec.com.ar\/web\/wp-json\/wp\/v2\/types\/product"}],"wp:featuredmedia":[{"embeddable":true,"href":"https:\/\/instrutec.com.ar\/web\/wp-json\/wp\/v2\/media\/1763"}],"wp:attachment":[{"href":"https:\/\/instrutec.com.ar\/web\/wp-json\/wp\/v2\/media?parent=1791"}],"wp:term":[{"taxonomy":"product_cat","embeddable":true,"href":"https:\/\/instrutec.com.ar\/web\/wp-json\/wp\/v2\/product_cat?post=1791"},{"taxonomy":"product_tag","embeddable":true,"href":"https:\/\/instrutec.com.ar\/web\/wp-json\/wp\/v2\/product_tag?post=1791"}],"curies":[{"name":"wp","href":"https:\/\/api.w.org\/{rel}","templated":true}]}}