{"id":1734,"date":"2019-08-07T15:17:43","date_gmt":"2019-08-07T15:17:43","guid":{"rendered":"http:\/\/166.62.89.205\/~instrutec\/?post_type=product&#038;p=1734"},"modified":"2025-09-29T13:22:36","modified_gmt":"2025-09-29T13:22:36","slug":"analizador-de-o2-con-celda-de-combustible-galvanica","status":"publish","type":"product","link":"https:\/\/instrutec.com.ar\/web\/product\/analizador-de-o2-con-celda-de-combustible-galvanica\/","title":{"rendered":"ANALIZADOR DE O2  CON CELDA COMBUSTIBLE GALVANICA"},"content":{"rendered":"","protected":false},"excerpt":{"rendered":"<p><strong>MARCA: PANAMETRICS<\/strong><\/p>\n<p><strong>MODELO: OXY. IQ <\/strong><\/p>\n<p>Es un transmisor con display incorporado, vers\u00e1til e intr\u00ednsecamente seguro para la medici\u00f3n en % o ppm de gases \u00e1cidos o no \u00e1cidos.<\/p>\n<p><a href=\"https:\/\/instrutec.com.ar\/web\/wp-content\/uploads\/2025\/09\/BHCS38527-Oxy.IQ-Panametrics-Oxygen-Transmitter_R12.pdf\" target=\"_blank\" rel=\"noopener\">Ver Cat\u00e1logo<\/a><\/p>\n","protected":false},"featured_media":2574,"template":"","meta":[],"product_cat":[233,235,344],"product_tag":[366,367,339],"class_list":{"0":"post-1734","1":"product","2":"type-product","3":"status-publish","4":"has-post-thumbnail","6":"product_cat-analizadores-de-gases","7":"product_cat-analizadores-de-o2","8":"product_cat-analizador-de-proceso","9":"product_tag-analizador-de-proceso","10":"product_tag-oxigeno","11":"product_tag-transmisor","12":"marca-panametrics","14":"first","15":"instock","16":"downloadable","17":"shipping-taxable","18":"product-type-simple"},"_links":{"self":[{"href":"https:\/\/instrutec.com.ar\/web\/wp-json\/wp\/v2\/product\/1734","targetHints":{"allow":["GET"]}}],"collection":[{"href":"https:\/\/instrutec.com.ar\/web\/wp-json\/wp\/v2\/product"}],"about":[{"href":"https:\/\/instrutec.com.ar\/web\/wp-json\/wp\/v2\/types\/product"}],"wp:featuredmedia":[{"embeddable":true,"href":"https:\/\/instrutec.com.ar\/web\/wp-json\/wp\/v2\/media\/2574"}],"wp:attachment":[{"href":"https:\/\/instrutec.com.ar\/web\/wp-json\/wp\/v2\/media?parent=1734"}],"wp:term":[{"taxonomy":"product_cat","embeddable":true,"href":"https:\/\/instrutec.com.ar\/web\/wp-json\/wp\/v2\/product_cat?post=1734"},{"taxonomy":"product_tag","embeddable":true,"href":"https:\/\/instrutec.com.ar\/web\/wp-json\/wp\/v2\/product_tag?post=1734"}],"curies":[{"name":"wp","href":"https:\/\/api.w.org\/{rel}","templated":true}]}}