{"id":1635,"date":"2019-07-31T16:59:12","date_gmt":"2019-07-31T16:59:12","guid":{"rendered":"http:\/\/166.62.89.205\/~instrutec\/?post_type=product&#038;p=1635"},"modified":"2019-11-01T17:49:52","modified_gmt":"2019-11-01T17:49:52","slug":"sistema-de-proteccion-contra-explosiones-industriales","status":"publish","type":"product","link":"https:\/\/instrutec.com.ar\/web\/product\/sistema-de-proteccion-contra-explosiones-industriales\/","title":{"rendered":"SISTEMA DE PROTECCI\u00d3N CONTRA EXPLOSIONES INDUSTRIALES"},"content":{"rendered":"","protected":false},"excerpt":{"rendered":"<p>MARCA: BS&amp;B<\/p>\n<p>Son sistemas integrados seg\u00fan las variables de proceso para suprimir explosiones y\/o realizar aislamiento qu\u00edmico. Advierte de inmediato de una ventilaci\u00f3n explosiva, combinando entre sus elementos los sensores de detecci\u00f3n, los equipo de aislamiento, ventilaci\u00f3n y alarmas.<\/p>\n<p><a href=\"http:\/\/instrutec.com.ar\/web\/wp-content\/uploads\/2019\/11\/ExplosionProtection.pdf\" target=\"_blank\" rel=\"noopener\">Ver cat\u00e1logo<\/a><\/p>\n","protected":false},"featured_media":1718,"template":"","meta":[],"product_cat":[324],"product_tag":[],"class_list":{"0":"post-1635","1":"product","2":"type-product","3":"status-publish","4":"has-post-thumbnail","6":"product_cat-sistema-de-proteccion-contra-explosiones-industriales","7":"marca-bsb","9":"first","10":"instock","11":"featured","12":"downloadable","13":"shipping-taxable","14":"product-type-simple"},"_links":{"self":[{"href":"https:\/\/instrutec.com.ar\/web\/wp-json\/wp\/v2\/product\/1635","targetHints":{"allow":["GET"]}}],"collection":[{"href":"https:\/\/instrutec.com.ar\/web\/wp-json\/wp\/v2\/product"}],"about":[{"href":"https:\/\/instrutec.com.ar\/web\/wp-json\/wp\/v2\/types\/product"}],"wp:featuredmedia":[{"embeddable":true,"href":"https:\/\/instrutec.com.ar\/web\/wp-json\/wp\/v2\/media\/1718"}],"wp:attachment":[{"href":"https:\/\/instrutec.com.ar\/web\/wp-json\/wp\/v2\/media?parent=1635"}],"wp:term":[{"taxonomy":"product_cat","embeddable":true,"href":"https:\/\/instrutec.com.ar\/web\/wp-json\/wp\/v2\/product_cat?post=1635"},{"taxonomy":"product_tag","embeddable":true,"href":"https:\/\/instrutec.com.ar\/web\/wp-json\/wp\/v2\/product_tag?post=1635"}],"curies":[{"name":"wp","href":"https:\/\/api.w.org\/{rel}","templated":true}]}}