{"id":1633,"date":"2019-07-31T16:45:06","date_gmt":"2019-07-31T16:45:06","guid":{"rendered":"http:\/\/166.62.89.205\/~instrutec\/?post_type=product&#038;p=1633"},"modified":"2019-11-08T15:08:26","modified_gmt":"2019-11-08T15:08:26","slug":"paneles-de-venteo","status":"publish","type":"product","link":"https:\/\/instrutec.com.ar\/web\/product\/paneles-de-venteo\/","title":{"rendered":"PANELES DE VENTEO"},"content":{"rendered":"","protected":false},"excerpt":{"rendered":"<p>MARCA: BS&amp;B<\/p>\n<p>MODELO: VENT-SAF PLUS Y VENT-SAF SANITARY<\/p>\n<p>Son paneles dise\u00f1ados para proteger a los equipos contra da\u00f1os cuando se producen deflagraciones de materiales combustibles. Los paneles tipo VSV \u2122 (Vent-Saf Plus) y VSS \u2122 (Vent-Saf Sanitary) poseen c\u00fapula de metal de secci\u00f3n \u00fanica con juntas integrales. La c\u00fapula est\u00e1 dise\u00f1ada para resistir el vac\u00edo. Tambi\u00e9n disponible con aislamiento t\u00e9rmico aplicable a temperaturas de operaci\u00f3n a 1093 \u00b0C reduciendo la perdida de calor y evitando la condensaci\u00f3n.<\/p>\n<p><a href=\"http:\/\/instrutec.com.ar\/web\/wp-content\/uploads\/2019\/11\/BSB-VentSaf.pdf\" target=\"_blank\" rel=\"noopener\">Ver cat\u00e1logo<\/a><\/p>\n","protected":false},"featured_media":1701,"template":"","meta":[],"product_cat":[323],"product_tag":[],"class_list":{"0":"post-1633","1":"product","2":"type-product","3":"status-publish","4":"has-post-thumbnail","6":"product_cat-paneles-de-venteo","7":"marca-bsb","9":"first","10":"instock","11":"downloadable","12":"virtual","13":"product-type-simple"},"_links":{"self":[{"href":"https:\/\/instrutec.com.ar\/web\/wp-json\/wp\/v2\/product\/1633","targetHints":{"allow":["GET"]}}],"collection":[{"href":"https:\/\/instrutec.com.ar\/web\/wp-json\/wp\/v2\/product"}],"about":[{"href":"https:\/\/instrutec.com.ar\/web\/wp-json\/wp\/v2\/types\/product"}],"wp:featuredmedia":[{"embeddable":true,"href":"https:\/\/instrutec.com.ar\/web\/wp-json\/wp\/v2\/media\/1701"}],"wp:attachment":[{"href":"https:\/\/instrutec.com.ar\/web\/wp-json\/wp\/v2\/media?parent=1633"}],"wp:term":[{"taxonomy":"product_cat","embeddable":true,"href":"https:\/\/instrutec.com.ar\/web\/wp-json\/wp\/v2\/product_cat?post=1633"},{"taxonomy":"product_tag","embeddable":true,"href":"https:\/\/instrutec.com.ar\/web\/wp-json\/wp\/v2\/product_tag?post=1633"}],"curies":[{"name":"wp","href":"https:\/\/api.w.org\/{rel}","templated":true}]}}