{"id":1632,"date":"2019-07-31T16:39:55","date_gmt":"2019-07-31T16:39:55","guid":{"rendered":"http:\/\/166.62.89.205\/~instrutec\/?post_type=product&#038;p=1632"},"modified":"2019-11-01T17:51:34","modified_gmt":"2019-11-01T17:51:34","slug":"discos-reversos","status":"publish","type":"product","link":"https:\/\/instrutec.com.ar\/web\/product\/discos-reversos\/","title":{"rendered":"DISCOS REVERSOS"},"content":{"rendered":"","protected":false},"excerpt":{"rendered":"<p>MARCAS: BS&amp;B<\/p>\n<p>El disco de explosi\u00f3n inversa representa la mejor tecnolog\u00eda en discos de ruptura. Proporciona una soluci\u00f3n de alivio de presi\u00f3n para presiones de ruptura que van desde unas pocas pulgadas de columna de agua hasta m\u00e1s de 70.000 psig \/ 4800 bar.<\/p>\n<p>Dise\u00f1ados para la no fragmentaci\u00f3n en el momento de la activaci\u00f3n, los discos de explosi\u00f3n inversa se recomiendan en combinaci\u00f3n con v\u00e1lvulas de alivio de presi\u00f3n para aislarlos de las condiciones normales del proceso, lo que garantiza una excelente estanqueidad, reduce los gastos de mantenimiento de las v\u00e1lvulas y, a menudo, permite el uso de un ajuste de v\u00e1lvulas de menor coste.<\/p>\n<p><a href=\"http:\/\/instrutec.com.ar\/web\/wp-content\/uploads\/2019\/11\/RuptureDisk_QuickReference.pdf\" target=\"_blank\" rel=\"noopener\">Ver cat\u00e1logo<\/a><\/p>\n","protected":false},"featured_media":1697,"template":"","meta":[],"product_cat":[304],"product_tag":[],"class_list":{"0":"post-1632","1":"product","2":"type-product","3":"status-publish","4":"has-post-thumbnail","6":"product_cat-discos-reverso","7":"marca-bsb","9":"first","10":"instock","11":"featured","12":"downloadable","13":"virtual","14":"product-type-simple"},"_links":{"self":[{"href":"https:\/\/instrutec.com.ar\/web\/wp-json\/wp\/v2\/product\/1632","targetHints":{"allow":["GET"]}}],"collection":[{"href":"https:\/\/instrutec.com.ar\/web\/wp-json\/wp\/v2\/product"}],"about":[{"href":"https:\/\/instrutec.com.ar\/web\/wp-json\/wp\/v2\/types\/product"}],"wp:featuredmedia":[{"embeddable":true,"href":"https:\/\/instrutec.com.ar\/web\/wp-json\/wp\/v2\/media\/1697"}],"wp:attachment":[{"href":"https:\/\/instrutec.com.ar\/web\/wp-json\/wp\/v2\/media?parent=1632"}],"wp:term":[{"taxonomy":"product_cat","embeddable":true,"href":"https:\/\/instrutec.com.ar\/web\/wp-json\/wp\/v2\/product_cat?post=1632"},{"taxonomy":"product_tag","embeddable":true,"href":"https:\/\/instrutec.com.ar\/web\/wp-json\/wp\/v2\/product_tag?post=1632"}],"curies":[{"name":"wp","href":"https:\/\/api.w.org\/{rel}","templated":true}]}}