{"id":1629,"date":"2019-07-31T14:13:08","date_gmt":"2019-07-31T14:13:08","guid":{"rendered":"http:\/\/166.62.89.205\/~instrutec\/?post_type=product&#038;p=1629"},"modified":"2019-11-08T15:11:39","modified_gmt":"2019-11-08T15:11:39","slug":"discos-convencionales","status":"publish","type":"product","link":"https:\/\/instrutec.com.ar\/web\/product\/discos-convencionales\/","title":{"rendered":"DISCOS CONVENCIONALES"},"content":{"rendered":"","protected":false},"excerpt":{"rendered":"<p>MARCA: BS&amp;B<\/p>\n<p>Son discos de acci\u00f3n frontal que regulan las presiones de ruptura por la resistencia a la tracci\u00f3n del material. Aplicando carga al lado c\u00f3ncavo, el disco es sometido a fuerzas de tensi\u00f3n.<\/p>\n<p>Contamos con una amplia gama de discos de ruptura, disponibles para su aplicaci\u00f3n espec\u00edfica.<\/p>\n<p><a href=\"http:\/\/instrutec.com.ar\/web\/wp-content\/uploads\/2019\/11\/RuptureDisk_QuickReference-1.pdf\" target=\"_blank\" rel=\"noopener\">Ver cat\u00e1logo<\/a><\/p>\n","protected":false},"featured_media":1695,"template":"","meta":[],"product_cat":[303],"product_tag":[],"class_list":{"0":"post-1629","1":"product","2":"type-product","3":"status-publish","4":"has-post-thumbnail","6":"product_cat-discos-convencionales","7":"marca-bsb","9":"first","10":"instock","11":"downloadable","12":"virtual","13":"product-type-simple"},"_links":{"self":[{"href":"https:\/\/instrutec.com.ar\/web\/wp-json\/wp\/v2\/product\/1629","targetHints":{"allow":["GET"]}}],"collection":[{"href":"https:\/\/instrutec.com.ar\/web\/wp-json\/wp\/v2\/product"}],"about":[{"href":"https:\/\/instrutec.com.ar\/web\/wp-json\/wp\/v2\/types\/product"}],"wp:featuredmedia":[{"embeddable":true,"href":"https:\/\/instrutec.com.ar\/web\/wp-json\/wp\/v2\/media\/1695"}],"wp:attachment":[{"href":"https:\/\/instrutec.com.ar\/web\/wp-json\/wp\/v2\/media?parent=1629"}],"wp:term":[{"taxonomy":"product_cat","embeddable":true,"href":"https:\/\/instrutec.com.ar\/web\/wp-json\/wp\/v2\/product_cat?post=1629"},{"taxonomy":"product_tag","embeddable":true,"href":"https:\/\/instrutec.com.ar\/web\/wp-json\/wp\/v2\/product_tag?post=1629"}],"curies":[{"name":"wp","href":"https:\/\/api.w.org\/{rel}","templated":true}]}}